What is the hundred millions digit of 2403044790?
4
What is the hundreds digit of 5548676325?
3
What is the tens digit of 1040632320?
2
What is the hundred millions digit of 430451613?
4
What is the thousands digit of 21416511?
6
What is the hundred thousands digit of 12904790?
9
What is the hundred millions digit of 219527083?
2
What is the ten millions digit of 96053021?
9
What is the hundreds digit of 6419802139?
1
What is the units digit of 234183712?
2
What is the ten thousands digit of 1936960470?
6
What is the hundred thousands digit of 15231859?
2
What is the hundred thousands digit of 310527111?
5
What is the units digit of 989305?
5
What is the tens digit of 21351281?
8
What is the hundred millions digit of 7433142880?
4
What is the thousands digit of 524010173?
0
What is the billions digit of 1778459782?
1
What is the ten millions digit of 161935755?
6
What is the hundreds digit of 8244574721?
7
What is the ten millions digit of 83818630?
8
What is the units digit of 56830690?
0
What is the hundred thousands digit of 48174689?
1
What is the hundred millions digit of 590262158?
5
What is the ten thousands digit of 4835610?
3
What is the millions digit of 11499844?
1
What is the units digit of 107674443?
3
What is the millions digit of 3185221758?
5
What is the hundreds digit of 1243853468?
4
What is the ten millions digit of 12536759?
1
What is the ten thousands digit of 1296931840?
3
What is the ten millions digit of 1021324424?
2
What is the ten millions digit of 243474671?
4
What is the units digit of 3479250625?
5
What is the thousands digit of 94095901?
5
What is the thousands digit of 43036155?
6
What is the billions digit of 3214767416?
3
What is the ten millions digit of 75832493?
7
What is the tens digit of 113804493?
9
What is the millions digit of 33005766?
3
What is the hundreds digit of 314321321?
3
What is the tens digit of 3185489161?
6
What is the hundred thousands digit of 268090020?
0
What is the thousands digit of 312810637?
0
What is the ten thousands digit of 138499028?
9
What is the millions digit of 199658080?
9
What is the units digit of 2448261599?
9
What is the hundred thousands digit of 121459028?
4
What is the units digit of 18681568?
8
What is the thousands digit of 282498099?
8
What is the thousands digit of 49393407?
3
What is the ten millions digit of 350247519?
5
What is the units digit of 3478134?
4
What is the tens digit of 1581205212?
1
What is the units digit of 1010132162?
2
What is the hundred millions digit of 1898588788?
8
What is the ten millions digit of 516107898?
1
What is the hundred thousands digit of 244581743?
5
What is the tens digit of 801885611?
1
What is the tens digit of 501195643?
4
What is the ten thousands digit of 234296194?
9
What is the millions digit of 4451444164?
1
What is the millions digit of 55836851?
5
What is the hundred thousands digit of 16381119?
3
What is the units digit of 21970884?
4
What is the millions digit of 1221010100?
1
What is the thousands digit of 20245651?
5
What is the billions digit of 4740209465?
4
What is the hundreds digit of 279715669?
6
What is the billions digit of 6083778747?
6
What is the tens digit of 252935815?
1
What is the hundred millions digit of 3521916193?
5
What is the units digit of 175580611?
1
What is the hundred thousands digit of 85175711?
1
What is the ten millions digit of 721822047?
2
What is the thousands digit of 2948758930?
8
What is the millions digit of 402128029?
2
What is the tens digit of 401546512?
1
What is the units digit of 2018697559?
9
What is the units digit of 516309685?
5
What is the hundred millions digit of 720068488?
7
What is the ten millions digit of 3115212705?
1
What is the thousands digit of 154530938?
0
What is the millions digit of 862888675?
2
What is the units digit of 53658596?
6
What is the hundreds digit of 2187576004?
0
What is the millions digit of 1415767630?
5
What is the units digit of 40228366?
6
What is the thousands digit of 58767093?
7
What is the millions digit of 6260415426?
0
What is the hundreds digit of 68038093?
0
What is the hundred thousands digit of 6142804587?
8
What is the hundreds digit of 182313399?
3
What is the units digit of 32730357?
7
What is the tens digit of 848574419?
1
What is the ten millions digit of 267696413?
6
What is the hundred thousands digit of 75257881?
2
What is the thousands digit of 2029176152?
6
What is the ten thousands digit of 1206829195?
2
What is the thousands digit of 1128668211?
8
What is the tens digit of 4320328040?
4
What is the ten thousands digit of 1844374498?
7
What is the tens digit of 43105610?
1
What is the ten thousands digit of 3400164?
0
What is the ten thousands digit of 397098399?
9
What is the ten millions digit of 2172144025?
7
What is the ten thousands digit of 114926775?
2
What is the millions digit of 2755086028?
5
What is the millions digit of 113000656?
3
What is the hundred millions digit of 607184149?
6
What is the millions digit of 783549036?
3
What is the thousands digit of 137532965?
2
What is the hundred thousands digit of 230489760?
4
What is the hundred millions digit of 185520541?
1
What is the hundred millions digit of 2258812209?
2
What is the ten thousands digit of 1028398264?
9
What is the ten thousands digit of 2244326320?
2
What is the hundreds digit of 3684024229?
2
What is the thousands digit of 379522268?
2
What is the millions digit of 73367009?
3
What is the ten millions digit of 158703710?
5
What is the units digit of 397292464?
4
What is the thousands digit of 83700631?
0
What is the hundreds digit of 245938799?
7
What is the millions digit of 47052133?
7
What is the hundred thousands digit of 56506889?
5
What is the thousands digit of 2000661062?
1
What is the thousands digit of 420682219?
2
What is the tens digit of 60620338?
3
What is the thousands digit of 2349125119?
5
What is the hundreds digit of 243596044?
0
What is the millions digit of 1439668266?
9
What is the hundreds digit of 182906073?
0
What is the ten thousands digit of 34244782?
4
What is the hundreds digit of 2419259721?
7
What is the thousands digit of 117611815?
1
What is the hundred thousands digit of 2841872154?
8
What is the hundreds digit of 68492084?
0
What is the millions digit of 67255624?
7
What is the units digit of 219419403?
3
What is the tens digit of 26055011?
1
What is the ten thousands digit of 391464218?
6
What is the millions digit of 55155313?
5
What is the hundred thousands digit of 519657460?
6
What is the hundreds digit of 209378970?
9
What is the ten thousands digit of 187290348?
9
What is the units digit of 126726188?
8
What is the thousands digit of 27672093?
2
What is the hundred thousands digit of 90149875?
1
What is the ten thousands digit of 6567689?
6
What is the hundred thousands digit of 286060151?
0
What is the hundred millions digit of 550955729?
5
What is the hundred thousands digit of 67860098?
8
What is the ten millions digit of 20291645?
2
What is the thousands digit of 2429824554?
4
What is the hundred thousands digit of 739658093?
6
What is the units digit of 75172750?
0
What is the ten millions digit of 35161393?
3
What is the thousands digit of 29051734?
1
What is the millions digit of 3929609?
3
What is the thousands digit of 5143621654?
1
What is the ten thousands digit of 22427710?
2
What is the ten thousands digit of 102098780?
9
What is the hundred thousands digit of 176768242?
7
What is the thousands digit of 472435773?
5
What is the hundred thousands digit of 1730847573?
8
What is the hundred thousands digit of 3454680265?
6
What is the millions digit of 79969464?
9
What is the ten millions digit of 1692630087?
9
What is the thousands digit of 3280454402?
4
What is the units digit of 1232475359?
9
What is the ten millions digit of 562390492?
6
What is the ten millions digit of 48286400?
4
What is the units digit of 1690849496?
6
What is the hundred millions digit of 1504454113?
5
What is the hundreds digit of 49454870?
8
What is the hundred millions digit of 436576125?
4
What is the hundreds digit of 71213257?
2
What is the hundreds digit of 297798091?
0
What is the hundred thousands digit of 4383549?
3
What is the ten millions digit of 166616615?
6
What is the units digit of 